in base 6?
-14
-43 (base 15) to base 9
-70
d (base 15) to base 13
10
What is 0 (base 5) in base 12?
0
What is 110 (base 6) in base 12?
36
What is -3 (base 8) in base 16?
-3
-8 (base 16) to base 3
-22
What is -10111 (base 2) in base 11?
-21
What is 11 (base 15) in base 8?
20
-19 (base 14) to base 12
-1b
What is 22 (base 4) in base 15?
a
Convert 2 (base 10) to base 6.
2
64 (base 8) to base 10
52
What is 133 (base 5) in base 8?
53
-11 (base 6) to base 9
-7
8 (base 16) to base 6
12
2 (base 12) to base 4
2
Convert -143 (base 8) to base 14.
-71
Convert 10 (base 14) to base 12.
12
What is 1a (base 12) in base 14?
18
What is 20 (base 7) in base 10?
14
Convert -10100 (base 2) to base 14.
-16
Convert -443 (base 7) to base 13.
-146
What is -3 (base 14) in base 4?
-3
Convert -100 (base 5) to base 14.
-1b
What is 3 (base 8) in base 4?
3
What is -11 (base 8) in base 2?
-1001
Convert 16 (base 7) to base 14.
d
What is -103 (base 8) in base 3?
-2111
Convert 342 (base 6) to base 7.
251
What is -110 (base 3) in base 12?
-10
Convert 0 (base 3) to base 8.
0
What is 3 (base 16) in base 8?
3
3 (base 16) to base 6
3
What is -2 (base 14) in base 11?
-2
-53 (base 11) to base 8
-72
22202 (base 3) to base 14
12c
What is 118 (base 16) in base 2?
100011000
7 (base 15) to base 9
7
1111 (base 3) to base 7
55
222 (base 3) to base 5
101
What is 6 (base 9) in base 4?
12
0 (base 5) to base 6
0
Convert -21 (base 8) to base 13.
-14
Convert -14 (base 7) to base 10.
-11
0 (base 11) to base 12
0
-6 (base 15) to base 9
-6
What is 1 (base 12) in base 14?
1
What is 76 (base 11) in base 5?
313
-2 (base 7) to base 5
-2
What is 1 (base 3) in base 2?
1
-1 (base 8) to base 14
-1
Convert -13 (base 9) to base 7.
-15
0 (base 14) to base 2
0
What is 2 (base 3) in base 7?
2
Convert -10 (base 8) to base 13.
-8
Convert 22 (base 15) to base 13.
26
What is -1 (base 10) in base 4?
-1
Convert 2 (base 9) to base 10.
2
What is -2 (base 3) in base 11?
-2
Convert 2 (base 5) to base 4.
2
Convert 2 (base 12) to base 13.
2
What is -4 (base 5) in base 15?
-4
71 (base 14) to base 9
120
-262 (base 7) to base 5
-1032
-2 (base 10) to base 13
-2
Convert 3 (base 8) to base 6.
3
Convert 11 (base 5) to base 10.
6
What is -10 (base 16) in base 4?
-100
What is 2 (base 15) in base 14?
2
What is 1 (base 12) in base 15?
1
4 (base 12) to base 2
100
What is -31 (base 15) in base 6?
-114
-22 (base 5) to base 15
-c
1 (base 7) to base 10
1
What is 11 (base 2) in base 14?
3
11 (base 12) to base 15
d
Convert -38 (base 13) to base 6.
-115
Convert 5f (base 16) to base 14.
6b
Convert -3 (base 14) to base 4.
-3
11 (base 10) to base 6
15
Convert 10003 (base 4) to base 2.
100000011
6b (base 12) to base 3
10002
Convert -10 (base 4) to base 14.
-4
Convert -11 (base 5) to base 2.
-110
3 (base 10) to base 13
3
Convert 2 (base 11) to base 9.
2
5 (base 13) to base 10
5
Convert -1350 (base 6) to base 3.
-111010
What is -c (base 16) in base 11?
-11
Convert -53 (base 12) to base 6.
-143
Convert 20 (base 4) to base 13.
8
Convert -42 (base 16) to base 7.
-123
Convert 2 (base 12) to base 2.
10
Convert -100 (base 3) to base 13.
-9
Convert -25 (base 16) to base 5.
-122
-4 (base 7) to base 4
-10
What is 0 (base 9) in base 13?
0
30 (base 8) to base 3
220
19 (base 16) to base 3
221
Convert 6 (base 14) to base 8.
6
What is a (base 14) in base 5?
20
What is 101110 (base 2) in base 4?
232
What is -15 (base 9) in base 2?
-1110
What is 12 (base 13) in base 11?
14
0 (base 9) to base 4
0
What is -5c (base 14) in base 3?
-10001
What is -7 (base 14) in base 2?
-111
Convert 0 (base 3) to base 14.
0
What is -3030 (base 4) in base 14?
-108
Convert 96 (base 13) to base 7.
234
Convert 15 (base 6) to base 11.
10
Convert 122 (base 9) to base 16.
65
-1110 (base 3) to base 10
-39
What is -1 (base 2) in base 4?
-1
What is 121 (base 10) in base 7?
232
What is 51 (base 10) in base 14?
39
1 (base 12) to base 11
1
Convert 4 (base 16) to base 9.
4
Convert 0 (base 2) to base 12.
0
-1 (base 6) to base 2
-1
Convert 45 (base 8) to base 2.
100101
Convert -2 (base 5) to base 8.
-2
1 (base 8) to base 7
1
What is 1 (base 14) in base 16?
1
Convert -24 (base 6) to base 9.
-17
-23 (base 16) to base 4
-203
Convert -1 (base 11) to base 5.
-1
Convert 15 (base 14) to base 15.
14
Convert 26 (base 12) to base 16.
1e
Convert -117 (base 8) to base 6.
-211
3 (base 6) to base 7
3
0 (base 3) to base 2
0
Convert 6 (base 15) to base 7.
6
What is -100 (base 2) in base 13?
-4
What is -7 (base 11) in base 7?
-10
Convert -1a (base 13) to base 8.
-27
Convert -5 (base 7) to base 8.
-5
What is -110 (base 6) in base 11?
-39
b4 (base 12) to base 16
88
-153 (base 6) to base 7
-126
Convert -11 (base 2) to base 3.
-10
0 (base 16) to base 8
0
What is 0 (base 12) in base 13?
0
-1 (base 5) to base 14
-1
6 (base 9) to base 3
20
-22 (base 3) to base 11
-8
Convert 1110 (base 2) to base 13.
11
-1222 (base 3) to base 13
-41
What is 0 (base 9) in base 4?
0
What is -2 (base 5) in base 11?
-2
151 (base 7) to base 9
104
Convert 14 (base 9) to base 3.
111
Convert 2b (base 14) to base 10.
39
What is 25 (base 7) in base 12?
17
Convert 12 (base 4) to base 12.
6
Convert 11 (base 4) to base 8.
5
Convert -210 (base 5) to base 7.
-106
What is 111 (base 6) in base 14?
31
-54 (base 15) to base 12
-67
1010 (base 2) to base 13
a
What is 11 (base 2) in base 16?
3
What is -1 (base 13) in base 12?
-1
What is 11 (base 2) in base 11?
3
Convert 1 (base 10) to base 2.
1
What is 14 (base 5) in base 16?
9
What is 0 (base 14) in base 4?
0
Convert 400 (base 7) to base 13.
121
What is 0 (base 13) in base 14?
0
Convert 114 (base 15) to base 10.
244
-2102 (base 3) to base 16
-41
12 (base 7) to base 10
9
3b (base 12) to base 14
35
What is -102 (base 11) in base 15?
-83
105 (base 11) to base 5
1001
Convert -1 (base 13) to base 11.
-1
Convert 47 (base 11) to base 9.
56
What is 1010000 (base 2) in base 16?
50
-237 (base 8) to base 11
-135
What is -8 (base 13) in base 12?
-8
Convert -3 (base 6) to base 8.
-3
-15 (base 13) to base 3
-200
Convert 7 (base 14) to base 13.
7
What is -8 (base 10) in base 13?
-8
What is 8 (base 16) in base 14?
8
0 (base 13) to base 14
0
25 (base 10) to base 7
34
3 (base 6) to base 7
3
-554 (base 6) to base 8
-326
-9a (base 16) to base 12
-10a
Convert -2a (base 11) to base 3.
-1012
What is -9 (base 10) in base 8?
-11
What is -11000 (base 2) in base 12?
-20
What is a (base 11) in base 5?
20
What is -b1 (base 14) in base 15?
-a5
3e (base 15) to base 4
323
1011 (base 6) to base 16
df
Convert 1 (base 2) to base 5.
1
-186 (base 11) to base 12
-15b
What is -300 (base 4) in base 5?
-143
Convert -3 (base 6) to base 7.
-3
What is -31 (base 5) in base 7?
-22
Convert 11 (base 12) to base 11.
12
What is 33 (base 7) in base 3?
220
What is -13 (base 5) in base 16?
-8
Convert 76 (base 12) to base 8.
132
Convert 8 (base 10) to base 7.
11
What is 101 (base 2) in base 16?
5
-18 (base 10) to base 15
-13
-36 (base 9) to base 5
-113
What is 2 (base 10) in base 8?
2
Convert -16 (base 7) to base 5.
-23
Convert 340 (base 6) to base 10.
132
-6a (base 15) to base 5
-400
What is -6 (base 14) in base 7?
-6
What is 66 (base 11) in base 15?
4c
What is 27 (base 10) in base 7?
36
-17 (base 11) to base 4
-102
-e6 (base 16) to base 5
-1410
31 (base 6) to base 9
21
What is bc (base 13) in base 10?
155
6 (base 15) to base 4
12
0 (base 2) to base 12
0
What is 19 (base 10) in base 11?
18
241 (base 5) to base 6
155
25 (base 14) to base 15
23
What is 10 (base 3) in base 4?
3
11 (base 2) to base 11
3
-20 (base 6) to base 12
-10
What is -212 (base 3) in base 7?
-32
What is c (base 16) in base 11?
11
Convert 44 (base 9) to base 11.
37
What is 2a (base 16) in base 15?
2c
352 (base 10) to base 8
540
What is 22 (base 16) in base 14?
26
11101 (base 3) to base 6
314
What is -4 (base 14) in base 16?
-4
What is 5 (base 13) in base 14?
5
What is 101 (base 3) in base 10?
10
Convert -14 (base 5) to base 16.
-9
-4 (base 8) to base 9
-4
-3 (base 14) to base 2
-11
Convert 55 (base 10) to base 8.
67
What is 10100 (base 3) in base 9?
110
Convert -4 (base 14) to base 15.
-4
What is -8 (base 11) in base 5?
-13
What is -18 (base 10) in base 14?
-14
Convert 0 (base 9) to base 16.
0
-37 (base 16) to base 8
-67
What is 10 (base 16) in base 5?
31
What is -22 (base 3) in base 4?
-20
What